In base 4, what is -13221213 + 2303?
-13212310
In base 7, what is -10512 + 1120351?
1106536
In base 3, what is -10 - -220012002012111?
220012002012101
In base 3, what is 22201 + -21210111?
-21110210
In base 11, what is -11a + 20277?
20158
In base 15, what is -2a9 - a19?
-cc3
In base 13, what is 2 - -2b8336?
2b8338
In base 8, what is -32075032 - -7?
-32075023
In base 4, what is 11 + 1111213111322?
1111213111333
In base 10, what is -1 - 783078?
-783079
In base 3, what is 10211102002211 + 110?
10211102010021
In base 12, what is -11a - -14033?
13b15
In base 7, what is -103462414 + -6?
-103462423
In base 11, what is -4000 - -1699a?
1299a
In base 7, what is -12353 + 545200?
532514
In base 10, what is 261 + -407345?
-407084
In base 15, what is 2d + -27835?
-27807
In base 11, what is -11 + -1041?
-1052
In base 6, what is -5 + 41343211?
41343202
In base 4, what is 203212021 + -133?
203211222
In base 4, what is -312110 - -10211102?
3232332
In base 15, what is -10b9dc5 - 5?
-10b9dca
In base 12, what is -25b + 178665?
178406
In base 14, what is -1c8519 - 1a?
-1c8535
In base 14, what is 301c592c + 2?
301c5930
In base 10, what is -47 + -318114?
-318161
In base 2, what is 11010000100011101000111 + 101000?
11010000100011101101111
In base 9, what is 265 + 5028360?
5028635
In base 11, what is -6 - -18651805?
186517aa
In base 7, what is -21166 + -4110?
-25306
In base 4, what is 33103 + 1011302?
1111011
In base 5, what is 2404024132 + -10?
2404024122
In base 9, what is -178134 - -11?
-178123
In base 9, what is 15633 - -1754?
17487
In base 7, what is 455402 + -2266?
453103
In base 8, what is -203 + 30161?
27756
In base 16, what is 42598 - -13?
425ab
In base 14, what is 30c - b06a?
-ab5c
In base 7, what is -2353001 + -23?
-2353024
In base 5, what is 331303 + -13201?
313102
In base 16, what is -3 - -1e35d2?
1e35cf
In base 13, what is -6b9340 - 0?
-6b9340
In base 9, what is 3235253 + -112?
3235141
In base 8, what is -4 + -21756044?
-21756050
In base 6, what is -10220155204 + 3?
-10220155201
In base 10, what is 61 + 12415?
12476
In base 11, what is -1108a850 - 5?
-1108a855
In base 10, what is -3777169 - 74?
-3777243
In base 8, what is 22 - 3456570?
-3456546
In base 8, what is -440 + -66003?
-66443
In base 12, what is 4171 + -2b14?
1259
In base 16, what is 79e3c - 194?
79ca8
In base 10, what is 5675 + 52953?
58628
In base 13, what is -1 + -250037b?
-250037c
In base 13, what is -a - -3c175a7?
3c1759a
In base 6, what is -1 - 1210311054?
-1210311055
In base 3, what is -1 + 22202211002011?
22202211002010
In base 14, what is 1a8d4a + -b?
1a8d3d
In base 5, what is 1 - 21003232132?
-21003232131
In base 6, what is -113402 + 454323?
340521
In base 7, what is 2661553 - 345?
2661205
In base 4, what is 32122200322 - -1?
32122200323
In base 11, what is 5395 - -442a?
9814
In base 14, what is -13 + 2a3000d?
2a2ddda
In base 13, what is -924125c - 2?
-9241261
In base 4, what is -13212103 - -10133210?
-3012233
In base 15, what is -1726b4 - -ba?
-1725e9
In base 16, what is 48 - -2b4?
2fc
In base 11, what is -5 - -42a95a74?
42a95a6a
In base 13, what is 26 + 934931?
934957
In base 16, what is 72cc4 + -25?
72c9f
In base 8, what is 11125743 - -143?
11126106
In base 11, what is -270 + -178773?
-178a33
In base 2, what is -10110000111000 - 1111010000101?
-100101010111101
In base 7, what is -1 - -4122453213?
4122453212
In base 11, what is -23596911 + 2?
-2359690a
In base 16, what is 30eb7 - 190?
30d27
In base 11, what is -2a1531 - 73?
-2a15a4
In base 6, what is 100555532211 + -1?
100555532210
In base 9, what is -1 + 57647471?
57647470
In base 8, what is 1134207756 - 2?
1134207754
In base 16, what is 843aa6 + -5?
843aa1
In base 10, what is 755302081 + 1?
755302082
In base 7, what is -154 + 3134?
2650
In base 5, what is 112 - -102334000?
102334112
In base 11, what is 15a82102 - -5?
15a82107
In base 16, what is 28 + -31dfc?
-31dd4
In base 4, what is 2011022202210 - -1?
2011022202211
In base 16, what is -25c23 + -69?
-25c8c
In base 16, what is 21d7b2 + -f?
21d7a3
In base 8, what is -15643 - -4433?
-11210
In base 14, what is 36 - -5544a?
55482
In base 16, what is 3d8782 - -a?
3d878c
In base 11, what is 0 - -2387006?
2387006
In base 3, what is -2 - -12002100200?
12002100121
In base 7, what is 5 - 451612135?
-451612130
In base 7, what is 2311620306 - -5?
2311620314
In base 4, what is 23122133132 - -10?
23122133202
In base 13, what is 0 - -a0c3905?
a0c3905
In base 11, what is -2 + -4200341?
-4200343
In base 9, what is 2748730 + -16?
2748713
In base 3, what is 200 + 200121221020?
200121221220
In base 8, what is -66 - -111137?
111051
In base 11, what is -2a7a - -322?
-2758
In base 9, what is 77548842 - -1?
77548843
In base 10, what is -1666700 + -10?
-1666710
In base 11, what is 739539 + 3?
739541
In base 15, what is -437d - b803?
-10b81
In base 2, what is -1 - 1000000110001000100111110?
-1000000110001000100111111
In base 14, what is 578c + -3ad1?
1a9b
In base 2, what is 110010 - -100111001100001100?
100111001100111110
In base 16, what is 13 - 16308?
-162f5
In base 12, what is 0 + 100a72?
100a72
In base 10, what is 19136 - -33202?
52338
In base 11, what is a02 - -2009?
2a10
In base 4, what is 2211323 + 21112?
2233101
In base 4, what is -1200 - -123212211?
123211011
In base 8, what is 2331 - 26372?
-24041
In base 4, what is 21330000 + 2100231?
30030231
In base 8, what is -25110 - 1572?
-26702
In base 16, what is 6fb5 + 71?
7026
In base 12, what is -5 + -1aa2110?
-1aa2115
In base 6, what is -1034 + 430143?
425105
In base 12, what is -3 - 3a82a91?
-3a82a94
In base 16, what is -2018 + 4c1?
-1b57
In base 8, what is 417277661 + -2?
417277657
In base 12, what is -97b4067 + 0?
-97b4067
In base 7, what is -314433301 - 1?
-314433302
In base 15, what is -3 - b2cc81?
-b2cc84
In base 2, what is 1110111101 + -100011010010101110?
-100011000011110001
In base 7, what is 3 + -30531335?
-30531332
In base 16, what is -2 - -1991708?
1991706
In base 12, what is 0 + -35197135?
-35197135
In base 16, what is 70ee6 + -415?
70ad1
In base 2, what is 10 - 1001000001110100100000?
-1001000001110100011110
In base 6, what is -112131312 + 340?
-112130532
In base 10, what is -905 + 116400?
115495
In base 16, what is 24d + -c4e1?
-c294
In base 12, what is -63b73b - -10?
-63b72b
In base 6, what is 1435304353 + 2?
1435304355
In base 3, what is -2102 - -1211020202102?
1211020200000
In base 3, what is 10221011 - -102110120?
120101201
In base 10, what is -160 + -42723?
-42883
In base 13, what is 19 - 915340?
-915324
In base 9, what is -61628 - 1606?
-63335
In base 8, what is -776413 + -625?
-777240
In base 2, what is -1110001000 + -101101011111?
-111011100111
In base 12, what is -b15756 + -b?
-b15765
In base 10, what is 2 + 10907454?
10907456
In base 12, what is -3 + 4533b59?
4533b56
In base 5, what is -13 + 240021012003?
240021011440
In base 7, what is 6444 - 10404?
-630
In base 16, what is -3 - 1f838e1?
-1f838e4
In base 5, what is 2441243 - 3130?
2433113
In base 8, what is -3 + -1400143?
-1400146
In base 13, what is -82a8178 - 4?
-82a817c
In base 13, what is -1b450 + -4047?
-22497
In base 13, what is -84ba49c9 + 0?
-84ba49c9
In base 5, what is -3334202 + -32004?
-3421211
In base 11, what is -4268827 + 31?
-42687a6
In base 10, what is -7494507 - -1?
-7494506
In base 2, what is 1011011101 + -110010111001001?
-110001011101100
In base 2, what is 10001101010110110000000101 - -101?
10001101010110110000001010
In base 14, what is -2098b31 + -28?
-2098b59
In base 2, what is -1010000010000110111 + -111011?
-1010000010001110010
In base 16, what is 1ea4 + -15e?
1d46
In base 14, what is 5 + 313b5c?
313b63
In base 16, what is 68d566 + 1?
68d567
In base 12, what is 7 - 53a58?
-53a51
In base 2, what is -10100010001010 + -1011100110110?
-11111111000000
In base 3, what is -1212020222101022 + -11?
-1212020222101110
In base 14, what is 8 + 4853a43?
4853a4b
In base 14, what is 2ad58 + -8ab?
2a48b
In base 3, what is 1020002210120002 - -200?
1020002210120202
In base 10, what is 680 - -515?
1195
In base 13, what is 32 + 1497b5?
149817
In base 12, what is 2 + -2702556?
-2702554
In base 3, what is -1021 + 1100202102?
1100201011
In base 6, what is 3 - 2214511023?
-2214511020
In base 12, what is 38103 - 4303?
33a00
In base 4, what is 202 + 1203313311301?
12033133121